ne d(42).
7
Let g(z) = -z**3 + 3*z**2 - 2*z + 3. Determine g(2).
3
Let i(q) = q**3 + 5*q**2 - 8*q - 21. Calculate i(-6).
-9
Let s(g) = 2*g**3 + 10*g**2 + 8*g + 9. Calculate s(-4).
9
Let v(q) = 2*q - 15. Calculate v(7).
-1
Let q(i) = -i**3 + i**2 + 2*i - 13. Calculate q(0).
-13
Let k(r) = -r**3 + 9*r**2 - 8*r - 1. Determine k(8).
-1
Let m(h) = -2*h**2 + h + 6. What is m(3)?
-9
Let r(z) = -z**3 + 17*z**2 + z - 23. Give r(17).
-6
Let o(c) = -c**3 + 15*c**2 + 15*c + 38. Calculate o(16).
22
Let f(y) = -y**2 + 2*y - 1. What is f(4)?
-9
Let v(t) = t**3 - 9*t**2 + 6*t - 17. What is v(8)?
-33
Let o(t) = -28*t + 22. What is o(1)?
-6
Let l(v) = v - 51. Give l(-11).
-62
Let t(r) = r**2 - 19*r - 256. Give t(28).
-4
Let n(g) = -g**3 - 16*g**2 + g + 22. Give n(-16).
6
Let p(i) = i**2 + 3*i - 12. Give p(-7).
16
Let l(n) = n**3 + 2*n**2 + n - 80. Give l(0).
-80
Let u(j) = 21*j - 59. Give u(3).
4
Let g(f) = 2*f**3 - 6*f - 1. Calculate g(-3).
-37
Let z(a) = -a**3 - 11*a**2 - 5*a - 12. Give z(-10).
-62
Let t(r) = -6*r + 7. Calculate t(-6).
43
Let a(u) = 2*u**2 - 4*u - 10. Calculate a(-6).
86
Let y(t) = -17*t - 797. Give y(-47).
2
Let r(w) = w**2 + 31. What is r(0)?
31
Let o(t) = t - 5. Give o(9).
4
Let s(q) = 2*q**2 + 124*q - 119. Determine s(-63).
7
Let j(d) = 2*d + 40. Determine j(-28).
-16
Let z(a) = -a**3 - 4*a**2 + 2*a. Determine z(-5).
15
Let y(n) = n**2 - 2*n + 19. Determine y(0).
19
Let d(k) = -k - 1. What is d(-10)?
9
Let b(v) = -12*v + 3. Determine b(5).
-57
Let t(a) = a**3 + 6*a**2 - 4*a + 20. Calculate t(-7).
-1
Let j(q) = 2*q**2 + 17*q - 20. Give j(-10).
10
Let z(r) = 12*r**2 + 8*r. Give z(-1).
4
Let y(j) = j**3 + 6*j**2 - 16*j - 78. Calculate y(-7).
-15
Let p(u) = -u**2 + 12*u - 32. Determine p(6).
4
Let x(a) = a**3 - 4*a**2 - 6*a + 9. Calculate x(5).
4
Let g(p) = p**3 + 6*p**2 + 3*p - 7. Determine g(-5).
3
Let h(k) = 5*k + 1. Calculate h(-4).
-19
Let y(v) = v**2 - v + 18. Give y(0).
18
Let y(x) = -4*x**3 - 20*x**2 + x - 4. Give y(-5).
-9
Let w(p) = -p**3 + 8*p**2 - p - 8. Calculate w(6).
58
Let i(a) = 10*a + 140. Calculate i(-16).
-20
Let n(q) = 2*q**2 + 3*q - 16. Give n(5).
49
Let q(i) = -2*i**2 - i + 1. Calculate q(2).
-9
Let v(w) = -21*w - 79. Calculate v(-4).
5
Let j(y) = -y**2 - 6*y + 10. What is j(-9)?
-17
Let f(g) = -2*g**3 + 13*g**2 - 17*g + 6. What is f(5)?
-4
Let r(k) = 8*k - 132. Give r(9).
-60
Let j(u) = -u**2 + 25*u - 118. Determine j(7).
8
Let a(r) = 5*r**2 + 36*r + 25. Determine a(-10).
165
Let s(t) = t**3 - 22*t**2 + 22*t - 18. Calculate s(21).
3
Let t(p) = -p**2 - 10*p - 15. Give t(-7).
6
Let y(q) = 3*q - 68. Calculate y(23).
1
Let n(w) = -w**3 + 33*w**2 + w - 39. Determine n(33).
-6
Let d(a) = a**3 - 7*a**2 + 7*a + 10. Determine d(5).
-5
Let r(v) = v**3 - v**2 + 4*v - 1. What is r(3)?
29
Let g(p) = -p**3 + 4*p**2 + 15*p - 9. Determine g(6).
9
Let c(v) = 7*v**3 + 2*v - 1. Give c(1).
8
Let h(y) = -2*y**3 - y**2 - y + 1. Calculate h(-3).
49
Let u(q) = -q**2 - 9*q + 18. Determine u(-9).
18
Let w(v) = -9*v. Give w(1).
-9
Let q(c) = -c**3 + 12*c**2 + 14*c - 12. Determine q(13).
1
Let a(b) = -b**3 - 19*b**2 - 18*b + 22. What is a(-18)?
22
Let c(v) = -5*v**2 - 2*v + 4. What is c(-2)?
-12
Let f(x) = -8*x**2 - 38*x + 2. What is f(-5)?
-8
Let h(m) = -30*m + 348. What is h(12)?
-12
Let g(z) = -2*z**2 + 18*z - 3. Calculate g(6).
33
Let z(b) = -b + 18. What is z(14)?
4
Let d(k) = -15*k + 1. Calculate d(1).
-14
Let u(x) = -41*x - 1. Give u(0).
-1
Let y(q) = q**3 + 6*q**2 + 9*q + 45. Give y(-6).
-9
Let o(t) = -3*t**2 - 2*t - 1. Determine o(-1).
-2
Let o(h) = -h**2 + 4*h + 14. Give o(-4).
-18
Let g(c) = 2*c**2 - 14*c + 9. What is g(6)?
-3
Let z(r) = 20*r**2 - 7*r + 6. What is z(2)?
72
Let b(q) = -q**2 - 11*q - 13. What is b(-9)?
5
Let n(h) = h - 4. Give n(-2).
-6
Let n(b) = -b**2 - b + 12. Calculate n(-6).
-18
Let z(u) = u**3 + 5*u**2 + 4*u + 2. Determine z(-2).
6
Let l(z) = -z**2 + 12*z + 25. Calculate l(13).
12
Let a(f) = -12*f**2 - f. What is a(-1)?
-11
Let r(p) = -8*p - 6. Calculate r(-2).
10
Let v(l) = -l**3 + l**2 + 9*l + 10. Determine v(4).
-2
Let j(m) = m**2 - 9*m - 2. Calculate j(6).
-20
Let k(w) = -4*w**2 + 3*w. Calculate k(3).
-27
Let o(i) = -i**3 - 9*i**2 - 6*i + 1. Give o(-8).
-15
Let x(z) = -z**2 + 14*z - 10. Calculate x(15).
-25
Let w(n) = -n**2 - 5*n - 5. What is w(-5)?
-5
Let v(y) = 2*y**2 - y + 5. Give v(0).
5
Let t(p) = -35*p**2 - 2*p + 1. What is t(1)?
-36
Let o(q) = q + 6. Determine o(5).
11
Let y(n) = 2*n**2 - 34*n - 31. Calculate y(18).
5
Let s(t) = -37*t**2 - t + 1. Calculate s(1).
-37
Let q(x) = -2*x**2 - x - 4. What is q(4)?
-40
Let r(x) = -12*x - 25. Calculate r(-5).
35
Let p(t) = -t**3 + 12*t**2 - 13*t + 26. Determine p(11).
4
Let s(q) = -136*q + 9. What is s(1)?
-127
Let t(d) = 5*d - 27. Calculate t(8).
13
Let s(y) = -y - 31. Give s(6).
-37
Let k(b) = b**3 - b - 4. What is k(-2)?
-10
Let i(b) = -b - 12. Calculate i(-15).
3
Let k(p) = 2*p**2 - 32*p + 81. Determine k(3).
3
Let r(u) = -7*u + 6. What is r(9)?
-57
Let z(b) = -b**2 - 9*b + 6. Give z(-10).
-4
Let r(q) = -q + 89. What is r(-13)?
102
Let g(p) = p**2 + 26*p - 38. Determine g(-25).
-63
Let a(q) = 37*q**2 + q. What is a(1)?
38
Let o(k) = k - 56. Give o(0).
-56
Let i(w) = -w**2 + 5*w + 45. What is i(10)?
-5
Let d(w) = -w**3 + 8*w**2 - 4*w + 2. Calculate d(7).
23
Let p(c) = 2*c**2 + 32*c + 8. Give p(-16).
8
Let a(m) = -m**3 - 6*m**2 + m - 4. What is a(-7)?
38
Let w(c) = -c + 5. Give w(4).
1
Let m(l) = 2*l**2 - 16*l - 5. Give m(8).
-5
Let f(u) = -u - 9. Determine f(6).
-15
Let r(m) = 10*m - 93. Calculate r(10).
7
Let x(t) = -2*t**2 - 16. Calculate x(9).
-178
Let v(r) = -r**3 + 6*r**2 - r + 13. Determine v(6).
7
Let u(c) = -c**2 - 6*c + 16. Determine u(-8).
0
Let r(m) = 6*m**3 + 2*m**2 + m. What is r(-1)?
-5
Let h(g) = -g + 18. Determine h(5).
13
Let n(a) = 32*a + 5. What is n(3)?
101
Let j(c) = -c**3 - 3*c**2 + 4*c + 4. What is j(-3)?
-8
Let c(g) = g**3 + 7*g**2 - 11*g - 5. Calculate c(-8).
19
Let a(q) = -2*q**2 + 2*q + 1. Calculate a(-7).
-111
Let l(n) = -n**2 + 10*n - 20. Determine l(7).
1
Let i(b) = -b**3 + 6*b**2 - 5*b - 3. Give i(5).
-3
Let c(n) = -2*n**2 + 24*n - 1. Give c(12).
-1
Let n(l) = -l**2 - 3*l + 7. Calculate n(-6).
-11
Let i(x) = x**2 - 10*x + 9. Calculate i(9).
0
Let y(w) = 23*w - 139. Determine y(6).
-1
Let s(r) = -r**3 + 2*r**2 - 6*r - 1. Give s(5).
-106
Let f(v) = 4*v + 14. What is f(-5)?
-6
Let p(w) = w**2 - 9*w - 16. Give p(11).
6
Let v(o) = -o**2 - 2*o + 8. Calculate v(-5).
-7
Let i(x) = -16*x - 51. What is i(-4)?
13
Let m(p) = 57*p**2 + 5*p - 6. Calculate m(1).
56
Let g(w) = w**3 - w**2 - w + 7. Calculate g(0).
7
Let v(o) = o**3 + 7*o**2 - 12*o - 9. Determine v(-8).
23
Let z(n) = 2*n - 5. Determine z(6).
7
Let w(m) = m**3 + 3*m**2 + 6. Calculate w(-4).
-10
Let l(c) = 3*c - 26. What is l(12)?
10
Let i(t) = -4*t**3 + 4*t**2 - 3*t. Calculate i(2).
-22
Let j(r) = 19*r + 1. Give j(-2).
-37
Let v(a) = 2*a**2 - 15*a + 2. Calculate v(10).
52
Let t(v) = -v**3 - 6*v**2 - 6*v - 3. Determine t(-5).
2
Let n(j) = 2*j + 20. Calculate n(-24).
-28
Let f(n) = -4*n**2 + 17*n + 4. What is f(5)?
-11
Let i(a) = -3*a**2 - 10*a - 1. Determine i(-3).
2
Let c(u) = -2*u**2 - 14*u + 3. Give c(-7).
3
Let f(i) = -3*i**2 - 7*i - 4. What is f(-4)?
-24
Let v(y) = -y + 3. Calculate v(3).
0
Let u(c) = 2*c**2 + 26*c - 20. Determine u(-13).
-20
Let t(c) = -5*c + 7. Determine t(2).
-3
Let y(h) = -h**3 - 5*h**2 - 12. Determine y(-5).
-12
Let c(n) = n**2 + 9*n + 18. Give c(-8).
10
Let h(k) = -k**2 + 16*k - 17. Give h(14).
11
Let x(m) = -2*m + 5. Calculate x(9).
-13
Let d(l) = l**2 + 22*l + 18. Calculate d(-27).
153
Let z(v) = v**3 + 8*v**2 + 5*v + 24. Give z(-8).
-16
Let f(k) = -2*k**3 + 4*k**2 - k. What is f(3)?
-21
Let g(a) = -5*a - 83. Give g(-18).
7
Let x(o) = -o**2 + 14*o + 6. Give x(12).
30
Let d(r) = -r**3 - 7*r**2 - 5*r + 5. What is d(-6)?
-1
Let s(a) = 2*a - 6. Calculate s(7).
8
Let x(z) = -z**2 - 3*z - 9. Give x(0).
-9
Let g(i) = i**2 + 6*i - 10. What is g(-9)?
17
Let r(t) = -t**2 + t - 47. Give r(0).
-47
Let d(g) = 4*g**3 - 14*g**2 - 11*g + 7. Determine d(4).
-5
Let q(l) = l**3 - 2*l**2 + 4. What is q(0)?
4
Let i(d) = d**3 + 4*d**2 - d - 1. What is i(2)?
21
Let d(w) = w**3 - 4*w**2 + w - 6. What is d(3)?
-12
Let q(n) = -3*n + 1. Give q(1).
-2
Let y(j) = 4*j + 152. De